 4*g = 2*u + 96, -j*g - u = 4*u - 135. What are the prime factors of g?
5
Let z(f) = -f**3 + 10*f**2 + f - 17. Let r be z(-7). Suppose 4*b = -245 + r. What are the prime factors of b?
3, 47
Let n be 58 + 5/(-10)*8. Suppose 4 = -5*z + n. Suppose -5*d + 105 = z. What are the prime factors of d?
19
Suppose 26*d = 48*d - 80234. What are the prime factors of d?
7, 521
Let p(v) = -105*v - 2. List the prime factors of p(-5).
523
Let w(l) = 956*l**2 - l. What are the prime factors of w(1)?
5, 191
Let x = 5 - 2. Let d(v) = -3 - x + 3*v - v - 5*v. List the prime factors of d(-3).
3
Suppose 3*b = -b + 3*q - 446, 0 = -2*q - 4. Let i = b + 301. Suppose m - 2*h = 51, 4*h = 2*m + 2*m - i. List the prime factors of m.
43
Suppose 2*h = -4*m + h + 3721, -4*h = 5*m - 4665. List the prime factors of m.
929
Let x be 18/12*80/(-6). List the prime factors of (-52)/10*(x + 15).
2, 13
Let z(u) = -u**2 + 7*u + 10. Let v be z(8). Let f be (-40)/15*(-3)/v. Suppose -f*d + 160 = -0*d. List the prime factors of d.
2, 5
Let x(l) = -281*l**3 - 2*l - 9. List the prime factors of x(-2).
2243
Let a = -54 - -114. Suppose a - 270 = -3*m. What are the prime factors of m?
2, 5, 7
List the prime factors of -5 - 92/(-18) - (-53488)/72.
743
Let b(q) = -q**3 - 15*q**2 - 8*q + 10. Let t(d) = d**2 - d - 2. Let g(h) = -b(h) - 5*t(h). What are the prime factors of g(-5)?
2, 3, 5
Let a = -1509 + 4324. What are the prime factors of a?
5, 563
Let w be 3*5/15*73. Suppose -3*j - 3*f = -81, -47 = -4*j - f + w. List the prime factors of j.
31
Let y(s) = 3*s - 3 + 6*s - 3*s - 24. Let h be y(7). Let t = -3 + h. What are the prime factors of t?
2, 3
Let b(s) = 4 - 6*s + 5*s - 2*s + 3. Let a be b(-12). Suppose -3*f + a = -4*o, -2*f + 21 = -4*o - 9. List the prime factors of f.
13
Let x = 497 + -268. List the prime factors of x.
229
Suppose -6 = 2*b - 5*b. Let w be (4/((-4)/b))/(-1). Let t = 33 - w. List the prime factors of t.
31
Suppose -5*w + 20 = 5*y, 0 = w - y + 4*y - 6. Let k be (16/(-10))/(42/(-105)). Suppose -3*i = -12, -k*n + 232 = -i + w*i. What are the prime factors of n?
2, 7
Suppose -3*r = 267 - 33. Let l be 3/(-9) - r/18. Suppose l*u - 14 = 3*u. List the prime factors of u.
2, 7
Let n = 11908 + -8286. What are the prime factors of n?
2, 1811
Let v be (7/(42/(-4)))/((-2)/21). Suppose -28 = v*z - 1120. What are the prime factors of z?
2, 3, 13
Let s be (5 + -4)*1 + 3 - -21. Suppose 3 = -k - 4*c, -2*k - 2*c = k - 11. Suppose -36 = -2*v - 2*r, -155 = -k*v + 5*r - s. List the prime factors of v.
2, 11
Let l be (-6)/(-15)*(4 - -11). Suppose l*g - 102 = -0*g. Let p = 33 - g. List the prime factors of p.
2
What are the prime factors of ((-297)/(-22))/((-1)/(-2))?
3
Let f(t) = 2*t + 3 - 4 - 2. Let v be f(4). Suppose 0 = -c + v*c - 16. List the prime factors of c.
2
Let c(r) = -2*r + 14. Let s be c(7). Suppose 20 = -4*b, s = -t + 4*t + 3*b + 9. Suppose 5*p - 100 = p + g, 3*p + t*g - 64 = 0. List the prime factors of p.
2, 3
Let n(z) = z**3 - 10*z**2 - 8*z + 4. Let m = -6 - -15. Let i = m + 2. List the prime factors of n(i).
37
Suppose 17*q - 78*q = -47214. What are the prime factors of q?
2, 3, 43
Let t = 2432 + -1022. List the prime factors of t.
2, 3, 5, 47
Let n(q) = 2*q + 56. Let h be n(-27). Let a be 2/(-1) + 0 + -34. List the prime factors of a/(-3) + h/(-2).
11
Let k(a) = -2*a**2 - 18*a - 15. Let l(s) = -3*s**2 - 19*s - 16. Let d(y) = -4*k(y) + 3*l(y). What are the prime factors of d(11)?
2, 7
Let x be 2 - (-8*1)/4. Suppose 3*g - 45 = -3*o, x*g + o - 50 = -o. Suppose -3*k = g - 28. List the prime factors of k.
2, 3
What are the prime factors of 1/(-3) - 65198/(-42)?
2, 97
Let j be 3*(-1 - -2)/1. Let r be ((-11)/33)/(1*(-1)/6). Suppose -m = 4, r*p = -j*p - 4*m + 29. What are the prime factors of p?
3
Let a(q) = 16*q**2 - 28*q - 178. What are the prime factors of a(-7)?
2, 401
Let s(o) = o**3 - 24*o**2 - 16*o + 16. Let a be s(25). Let l = a + -121. What are the prime factors of l?
2, 3, 5
Let o(n) = -464*n - 712. List the prime factors of o(-12).
2, 607
Let x(a) = -a**2 - 8*a + 16. Let l be x(-10). What are the prime factors of -1 + 51 + l + -2?
2, 11
Suppose 25 = 5*k, -2*u - 2*k - 491 = -2729. Suppose 5*j - u = 2*l - 271, -4*j + l = -675. List the prime factors of j.
13
What are the prime factors of ((-186)/(-5))/(75/1000)?
2, 31
Let l(k) = -4*k + 1. Let t be l(-2). Suppose -y + 2*y = t. Suppose -2*d + 5 = -y. What are the prime factors of d?
7
Let q = -9 + 13. Suppose 0 = q*s - 13*s + 585. List the prime factors of s.
5, 13
Suppose k + 106 = -k. Let o = -38 - k. What are the prime factors of o?
3, 5
Suppose -y + 0*d = 5*d - 813, -5 = -5*d. What are the prime factors of y?
2, 101
Suppose -4*w + 5*w - 1 = 0. Suppose 0 = v - 3 + w, -4*l - v = -18. List the prime factors of l.
2
Suppose 12 = 3*h - 3. Suppose 5*d = -20, 0 = -3*m - 2*d + 15 + 88. Suppose -m - 18 = -h*r. List the prime factors of r.
11
Suppose 5*a + v - 3588 = 0, a + 3*v + 3576 = 6*a. List the prime factors of a.
3, 239
Suppose -15*x = -17*x + 18. Suppose -x*i + 5*i = -252. What are the prime factors of i?
3, 7
Let m(g) = 323*g**2 - 8*g - 3. What are the prime factors of m(-2)?
3, 5, 29
Let o be ((-4)/6)/((-24)/36). Let y(d) = 195*d + 7. What are the prime factors of y(o)?
2, 101
Let s be (0/3)/(-2 - (-3 - 0)). Suppose -m = -4*m + 15. Suppose s = -m*f - 5*y + 240, -2*y - y = f - 52. List the prime factors of f.
2, 23
Let b = 179 + -171. List the prime factors of b.
2
Let v(b) = b + 17. Let o be v(-13). Suppose 3*y + o*n = 14, -2*n - 10 = 5*y - 24. Suppose 2*d + c + 61 = 4*d, -y*c = 2. List the prime factors of d.
2, 3, 5
Suppose -3*x = -l - 89, -2*l + 4*l + 2*x + 178 = 0. Let n = 74 + -126. Let p = n - l. What are the prime factors of p?
37
Let p be (6 + 300/(-42))/((-4)/14). Suppose 0*u + 4*u - p*v - 780 = 0, 2*u = 5*v + 399. List the prime factors of u.
2, 3
What are the prime factors of ((-3424)/6)/((-26)/39)?
2, 107
Let g(h) = -4*h**3 + 5*h**2 + 5*h - 4. What are the prime factors of g(-3)?
2, 67
Let q(k) = -k**2 + 4*k + 1. Let s be q(5). Let r be ((-6)/s)/((-3)/(-6)). Suppose -r*z - 2*h + h = -10, 4*z = -5*h + 28. List the prime factors of z.
2
Let p = -42 - -74. List the prime factors of p + -5 - 0/2.
3
Suppose 0 = 2*r + 2*r + 152. Let g = -6 - r. List the prime factors of g.
2
Let c(w) be the second derivative of w**5/20 - w**4/4 - w**3/2 - 3*w**2/2 - 2*w. Let j be c(4). Suppose -4*b + 31 = -j. What are the prime factors of b?
2
Let t(u) = u**3 + 7*u**2 - 7*u + 10. Let q be t(-8). Suppose 3*n = 6*n + 3*b - 243, b = q*n - 162. What are the prime factors of n?
3
Let s(a) = 3*a**3 + 12*a**2 + 9*a - 14. Let q(t) = -7*t**3 - 24*t**2 - 18*t + 29. Let b(u) = 2*q(u) + 5*s(u). List the prime factors of b(-11).
2, 5
Suppose -3*q + 1167 = 4*t, 3*q - 3*t - 1471 = -304. What are the prime factors of q?
389
Let k = 61 - 83. What are the prime factors of (2*(1 + k))/((-20)/10)?
3, 7
Let q be 10/4 + 6/(-12). Let i(p) = 23*p. List the prime factors of i(q).
2, 23
Let h(c) = -2*c - 10. Let w be h(2). Let f be ((-2)/(-4))/(1/22). Let b = f - w. List the prime factors of b.
5
Let f = -26 - -32. List the prime factors of 2/f + (-38)/(-3).
13
Let o(w) = 64*w - 61. What are the prime factors of o(9)?
5, 103
Let u(q) = 52*q**2 - 3*q + 9. Let t be u(3). Suppose -2*l = 2*v - 222, -t = -3*v - v + 2*l. What are the prime factors of v?
5, 23
Suppose -17*f - 2020 = -5*m - 19*f, 0 = -3*m - 4*f + 1198. What are the prime factors of m?
2, 7, 29
Let l(a) = 115*a**2 - 7*a + 5. What are the prime factors of l(2)?
11, 41
Suppose -4 + 0 = -2*q. Suppose -q - 10 = -6*n. List the prime factors of n + -2*(-8)/4.
2, 3
Let j be -9 + (-8)/(0 - 2). What are the prime factors of (384/5)/(j*6/(-100))?
2
Let y = -22 + 193. Suppose 5*d - 4*a = -16 + y, -a - 65 = -2*d. List the prime factors of d.
5, 7
Let w be ((-36)/(-24))/((-6)/8). Let v be 0*(-1 - w)*1. Suppose v*q = -3*q + 105. What are the prime factors of q?
5, 7
Let u = -1193 - -1680. What are the prime factors of u?
487
Let g(m) = 81*m**2 + 5*m - 5. Suppose 3*i + 8 = -2*k, i = 5*k - 2*i - 22. List the prime factors of g(k).
7, 47
List the prime factors of (-312)/(-234) - ((-12777)/9 - 2).
1423
Let t = -21 - -37. Suppose 3*m + 2*r - 1 = 2*m, -4*m + t = 4*r. Suppose 0 = m*b - 2*b - 50. List the prime factors of b